{"id":4177,"date":"2026-02-27T20:20:06","date_gmt":"2026-02-27T18:20:06","guid":{"rendered":"https:\/\/www.mlnr.ro\/gala-premiilor\/primera-edicion-de-la-gala-de-premios-mlnr\/"},"modified":"2026-04-24T11:34:01","modified_gmt":"2026-04-24T08:34:01","slug":"primera-edicion-de-la-gala-de-premios-mlnr","status":"publish","type":"gala_premiilor","link":"https:\/\/www.mlnr.ro\/es\/gala-premiilor\/primera-edicion-de-la-gala-de-premios-mlnr\/","title":{"rendered":"Primera edici\u00f3n de la Gala de Premios de la GLNR"},"content":{"rendered":"\n<p><strong>Aunque \u00faltimamente la Gran Logia ha puesto en marcha diversas iniciativas con repercusi\u00f3n en la sociedad civil, la Gala de los Premios de la Gran Logia Nacional de Ruman\u00eda ha logrado captar la atenci\u00f3n por la forma en que se ha desarrollado este evento de gran prestigio.<\/strong><\/p>\n\n<h2 class=\"wp-block-heading\">Los galardonados<\/h2>\n\n<ul class=\"wp-block-list\">\n<li><strong>El premio \u00abGrigore Moisil\u00bb de Ciencias Exactas<\/strong> fue otorgado al Sr. Gheorghe P\u0103un, miembro correspondiente de la Academia Rumana.<\/li>\n\n\n\n<li><strong>El premio \u00abHenri Coand\u0103\u00bb de Ciencias Aplicadas<\/strong> fue otorgado al profesor Dr. Petre Teodorescu, miembro de la Academia de Ciencias T\u00e9cnicas y profesor de la Universidad de Bucarest.<\/li>\n\n\n\n<li><strong>El premio \u00abCarol Davila\u00bb de Medicina<\/strong> fue otorgado al profesor Dr. Dafin Fior Mure\u015fanu.<\/li>\n\n\n\n<li><strong>El premio \u00abEugeniu Carada\u00bb de Econom\u00eda<\/strong> fue otorgado al profesor Bogdan Murgescu, de la Facultad de Historia de la Universidad de Bucarest.<\/li>\n\n\n\n<li>El premio \u00abNicolae Titulescu\u00bb de Diplomacia\/Ciencias Pol\u00edticas fue otorgado al Sr. Marius Lazurc\u0103, embajador de Ruman\u00eda en Chisin\u00e1u.<\/li>\n\n\n\n<li>El premio \u00abSpiru Haret\u00bb para Educaci\u00f3n\/Medio Ambiente\/Social fue otorgado al profesor Dr. Marian Vasile, del Instituto de Investigaci\u00f3n sobre la Calidad de Vida de la Academia Rumana. <\/li>\n\n\n\n<li><strong>El premio \u00abConstantin Br\u00e2ncu\u015fi\u00bb de Arte\/Cultura<\/strong> fue otorgado al cr\u00edtico de Ia\u015fi, el Sr. Valentin Ciuc\u0103.  <\/li>\n<\/ul>\n","protected":false},"excerpt":{"rendered":"<p>Aunque \u00faltimamente la Gran Logia ha puesto en marcha diversas iniciativas con repercusi\u00f3n en la sociedad civil, la Gala de los Premios de la Gran Logia Nacional de Ruman\u00eda ha logrado captar la atenci\u00f3n por la forma en que se ha desarrollado este evento de gran prestigio. Los galardonados<\/p>\n","protected":false},"featured_media":2005,"template":"","class_list":["post-4177","gala_premiilor","type-gala_premiilor","status-publish","has-post-thumbnail","hentry","entry"],"acf":[],"yoast_head":"<!-- This site is optimized with the Yoast SEO plugin v27.0 - https:\/\/yoast.com\/product\/yoast-seo-wordpress\/ -->\n<title>Primera edici\u00f3n de la Gala de Premios de la GLNR - MLNR<\/title>\n<meta name=\"robots\" content=\"index, follow, max-snippet:-1, max-image-preview:large, max-video-preview:-1\" \/>\n<link rel=\"canonical\" href=\"https:\/\/www.mlnr.ro\/es\/gala-premiilor\/primera-edicion-de-la-gala-de-premios-mlnr\/\" \/>\n<meta property=\"og:locale\" content=\"es_ES\" \/>\n<meta property=\"og:type\" content=\"article\" \/>\n<meta property=\"og:title\" content=\"Primera edici\u00f3n de la Gala de Premios de la GLNR - MLNR\" \/>\n<meta property=\"og:description\" content=\"Aunque \u00faltimamente la Gran Logia ha puesto en marcha diversas iniciativas con repercusi\u00f3n en la sociedad civil, la Gala de los Premios de la Gran Logia Nacional de Ruman\u00eda ha logrado captar la atenci\u00f3n por la forma en que se ha desarrollado este evento de gran prestigio. Los galardonados\" \/>\n<meta property=\"og:url\" content=\"https:\/\/www.mlnr.ro\/es\/gala-premiilor\/primera-edicion-de-la-gala-de-premios-mlnr\/\" \/>\n<meta property=\"og:site_name\" content=\"MLNR\" \/>\n<meta property=\"article:modified_time\" content=\"2026-04-24T08:34:01+00:00\" \/>\n<meta property=\"og:image\" content=\"https:\/\/www.mlnr.ro\/wp-content\/uploads\/2024\/09\/ateneul.jpg\" \/>\n\t<meta property=\"og:image:width\" content=\"1920\" \/>\n\t<meta property=\"og:image:height\" content=\"1008\" \/>\n\t<meta property=\"og:image:type\" content=\"image\/jpeg\" \/>\n<meta name=\"twitter:card\" content=\"summary_large_image\" \/>\n<meta name=\"twitter:label1\" content=\"Tiempo de lectura\" \/>\n\t<meta name=\"twitter:data1\" content=\"1 minute\" \/>\n<script type=\"application\/ld+json\" class=\"yoast-schema-graph\">{\"@context\":\"https:\/\/schema.org\",\"@graph\":[{\"@type\":\"WebPage\",\"@id\":\"https:\/\/www.mlnr.ro\/es\/gala-premiilor\/primera-edicion-de-la-gala-de-premios-mlnr\/\",\"url\":\"https:\/\/www.mlnr.ro\/es\/gala-premiilor\/primera-edicion-de-la-gala-de-premios-mlnr\/\",\"name\":\"Primera edici\u00f3n de la Gala de Premios de la GLNR - MLNR\",\"isPartOf\":{\"@id\":\"https:\/\/www.mlnr.ro\/es\/#website\"},\"primaryImageOfPage\":{\"@id\":\"https:\/\/www.mlnr.ro\/es\/gala-premiilor\/primera-edicion-de-la-gala-de-premios-mlnr\/#primaryimage\"},\"image\":{\"@id\":\"https:\/\/www.mlnr.ro\/es\/gala-premiilor\/primera-edicion-de-la-gala-de-premios-mlnr\/#primaryimage\"},\"thumbnailUrl\":\"https:\/\/www.mlnr.ro\/wp-content\/uploads\/2024\/09\/ateneul.jpg\",\"datePublished\":\"2026-02-27T18:20:06+00:00\",\"dateModified\":\"2026-04-24T08:34:01+00:00\",\"breadcrumb\":{\"@id\":\"https:\/\/www.mlnr.ro\/es\/gala-premiilor\/primera-edicion-de-la-gala-de-premios-mlnr\/#breadcrumb\"},\"inLanguage\":\"es-ES\",\"potentialAction\":[{\"@type\":\"ReadAction\",\"target\":[\"https:\/\/www.mlnr.ro\/es\/gala-premiilor\/primera-edicion-de-la-gala-de-premios-mlnr\/\"]}]},{\"@type\":\"ImageObject\",\"inLanguage\":\"es-ES\",\"@id\":\"https:\/\/www.mlnr.ro\/es\/gala-premiilor\/primera-edicion-de-la-gala-de-premios-mlnr\/#primaryimage\",\"url\":\"https:\/\/www.mlnr.ro\/wp-content\/uploads\/2024\/09\/ateneul.jpg\",\"contentUrl\":\"https:\/\/www.mlnr.ro\/wp-content\/uploads\/2024\/09\/ateneul.jpg\",\"width\":1920,\"height\":1008},{\"@type\":\"BreadcrumbList\",\"@id\":\"https:\/\/www.mlnr.ro\/es\/gala-premiilor\/primera-edicion-de-la-gala-de-premios-mlnr\/#breadcrumb\",\"itemListElement\":[{\"@type\":\"ListItem\",\"position\":1,\"name\":\"Prima pagin\u0103\",\"item\":\"https:\/\/www.mlnr.ro\/es\/acasa\/\"},{\"@type\":\"ListItem\",\"position\":2,\"name\":\"Primera edici\u00f3n de la Gala de Premios de la GLNR\"}]},{\"@type\":\"WebSite\",\"@id\":\"https:\/\/www.mlnr.ro\/es\/#website\",\"url\":\"https:\/\/www.mlnr.ro\/es\/\",\"name\":\"MLNR\",\"description\":\"\",\"publisher\":{\"@id\":\"https:\/\/www.mlnr.ro\/es\/#organization\"},\"potentialAction\":[{\"@type\":\"SearchAction\",\"target\":{\"@type\":\"EntryPoint\",\"urlTemplate\":\"https:\/\/www.mlnr.ro\/es\/?s={search_term_string}\"},\"query-input\":{\"@type\":\"PropertyValueSpecification\",\"valueRequired\":true,\"valueName\":\"search_term_string\"}}],\"inLanguage\":\"es-ES\"},{\"@type\":\"Organization\",\"@id\":\"https:\/\/www.mlnr.ro\/es\/#organization\",\"name\":\"MLNR\",\"url\":\"https:\/\/www.mlnr.ro\/es\/\",\"logo\":{\"@type\":\"ImageObject\",\"inLanguage\":\"es-ES\",\"@id\":\"https:\/\/www.mlnr.ro\/es\/#\/schema\/logo\/image\/\",\"url\":\"https:\/\/www.mlnr.ro\/wp-content\/uploads\/2025\/12\/prj-edited.png\",\"contentUrl\":\"https:\/\/www.mlnr.ro\/wp-content\/uploads\/2025\/12\/prj-edited.png\",\"width\":300,\"height\":188,\"caption\":\"MLNR\"},\"image\":{\"@id\":\"https:\/\/www.mlnr.ro\/es\/#\/schema\/logo\/image\/\"}}]}<\/script>\n<!-- \/ Yoast SEO plugin. -->","yoast_head_json":{"title":"Primera edici\u00f3n de la Gala de Premios de la GLNR - MLNR","robots":{"index":"index","follow":"follow","max-snippet":"max-snippet:-1","max-image-preview":"max-image-preview:large","max-video-preview":"max-video-preview:-1"},"canonical":"https:\/\/www.mlnr.ro\/es\/gala-premiilor\/primera-edicion-de-la-gala-de-premios-mlnr\/","og_locale":"es_ES","og_type":"article","og_title":"Primera edici\u00f3n de la Gala de Premios de la GLNR - MLNR","og_description":"Aunque \u00faltimamente la Gran Logia ha puesto en marcha diversas iniciativas con repercusi\u00f3n en la sociedad civil, la Gala de los Premios de la Gran Logia Nacional de Ruman\u00eda ha logrado captar la atenci\u00f3n por la forma en que se ha desarrollado este evento de gran prestigio. Los galardonados","og_url":"https:\/\/www.mlnr.ro\/es\/gala-premiilor\/primera-edicion-de-la-gala-de-premios-mlnr\/","og_site_name":"MLNR","article_modified_time":"2026-04-24T08:34:01+00:00","og_image":[{"width":1920,"height":1008,"url":"https:\/\/www.mlnr.ro\/wp-content\/uploads\/2024\/09\/ateneul.jpg","type":"image\/jpeg"}],"twitter_card":"summary_large_image","twitter_misc":{"Tiempo de lectura":"1 minute"},"schema":{"@context":"https:\/\/schema.org","@graph":[{"@type":"WebPage","@id":"https:\/\/www.mlnr.ro\/es\/gala-premiilor\/primera-edicion-de-la-gala-de-premios-mlnr\/","url":"https:\/\/www.mlnr.ro\/es\/gala-premiilor\/primera-edicion-de-la-gala-de-premios-mlnr\/","name":"Primera edici\u00f3n de la Gala de Premios de la GLNR - MLNR","isPartOf":{"@id":"https:\/\/www.mlnr.ro\/es\/#website"},"primaryImageOfPage":{"@id":"https:\/\/www.mlnr.ro\/es\/gala-premiilor\/primera-edicion-de-la-gala-de-premios-mlnr\/#primaryimage"},"image":{"@id":"https:\/\/www.mlnr.ro\/es\/gala-premiilor\/primera-edicion-de-la-gala-de-premios-mlnr\/#primaryimage"},"thumbnailUrl":"https:\/\/www.mlnr.ro\/wp-content\/uploads\/2024\/09\/ateneul.jpg","datePublished":"2026-02-27T18:20:06+00:00","dateModified":"2026-04-24T08:34:01+00:00","breadcrumb":{"@id":"https:\/\/www.mlnr.ro\/es\/gala-premiilor\/primera-edicion-de-la-gala-de-premios-mlnr\/#breadcrumb"},"inLanguage":"es-ES","potentialAction":[{"@type":"ReadAction","target":["https:\/\/www.mlnr.ro\/es\/gala-premiilor\/primera-edicion-de-la-gala-de-premios-mlnr\/"]}]},{"@type":"ImageObject","inLanguage":"es-ES","@id":"https:\/\/www.mlnr.ro\/es\/gala-premiilor\/primera-edicion-de-la-gala-de-premios-mlnr\/#primaryimage","url":"https:\/\/www.mlnr.ro\/wp-content\/uploads\/2024\/09\/ateneul.jpg","contentUrl":"https:\/\/www.mlnr.ro\/wp-content\/uploads\/2024\/09\/ateneul.jpg","width":1920,"height":1008},{"@type":"BreadcrumbList","@id":"https:\/\/www.mlnr.ro\/es\/gala-premiilor\/primera-edicion-de-la-gala-de-premios-mlnr\/#breadcrumb","itemListElement":[{"@type":"ListItem","position":1,"name":"Prima pagin\u0103","item":"https:\/\/www.mlnr.ro\/es\/acasa\/"},{"@type":"ListItem","position":2,"name":"Primera edici\u00f3n de la Gala de Premios de la GLNR"}]},{"@type":"WebSite","@id":"https:\/\/www.mlnr.ro\/es\/#website","url":"https:\/\/www.mlnr.ro\/es\/","name":"MLNR","description":"","publisher":{"@id":"https:\/\/www.mlnr.ro\/es\/#organization"},"potentialAction":[{"@type":"SearchAction","target":{"@type":"EntryPoint","urlTemplate":"https:\/\/www.mlnr.ro\/es\/?s={search_term_string}"},"query-input":{"@type":"PropertyValueSpecification","valueRequired":true,"valueName":"search_term_string"}}],"inLanguage":"es-ES"},{"@type":"Organization","@id":"https:\/\/www.mlnr.ro\/es\/#organization","name":"MLNR","url":"https:\/\/www.mlnr.ro\/es\/","logo":{"@type":"ImageObject","inLanguage":"es-ES","@id":"https:\/\/www.mlnr.ro\/es\/#\/schema\/logo\/image\/","url":"https:\/\/www.mlnr.ro\/wp-content\/uploads\/2025\/12\/prj-edited.png","contentUrl":"https:\/\/www.mlnr.ro\/wp-content\/uploads\/2025\/12\/prj-edited.png","width":300,"height":188,"caption":"MLNR"},"image":{"@id":"https:\/\/www.mlnr.ro\/es\/#\/schema\/logo\/image\/"}}]}},"_links":{"self":[{"href":"https:\/\/www.mlnr.ro\/es\/wp-json\/wp\/v2\/gala_premiilor\/4177","targetHints":{"allow":["GET"]}}],"collection":[{"href":"https:\/\/www.mlnr.ro\/es\/wp-json\/wp\/v2\/gala_premiilor"}],"about":[{"href":"https:\/\/www.mlnr.ro\/es\/wp-json\/wp\/v2\/types\/gala_premiilor"}],"version-history":[{"count":5,"href":"https:\/\/www.mlnr.ro\/es\/wp-json\/wp\/v2\/gala_premiilor\/4177\/revisions"}],"predecessor-version":[{"id":5281,"href":"https:\/\/www.mlnr.ro\/es\/wp-json\/wp\/v2\/gala_premiilor\/4177\/revisions\/5281"}],"wp:featuredmedia":[{"embeddable":true,"href":"https:\/\/www.mlnr.ro\/es\/wp-json\/wp\/v2\/media\/2005"}],"wp:attachment":[{"href":"https:\/\/www.mlnr.ro\/es\/wp-json\/wp\/v2\/media?parent=4177"}],"curies":[{"name":"wp","href":"https:\/\/api.w.org\/{rel}","templated":true}]}}

Primera edición de la Gala de Premios de la GLNR

<p><strong>Aunque últimamente la Gran Logia ha puesto en marcha diversas iniciativas con repercusión en la sociedad civil, la Gala de los Premios de la Gran Logia Nacional de Rumanía ha logrado captar la atención por la forma en que se ha desarrollado este evento de gran prestigio.</strong></p>

<h2 class="wp-block-heading">Los galardonados</h2>

<ul class="wp-block-list">
<li><strong>El premio «Grigore Moisil» de Ciencias Exactas</strong> fue otorgado al Sr. Gheorghe Păun, miembro correspondiente de la Academia Rumana.</li>



<li><strong>El premio «Henri Coandă» de Ciencias Aplicadas</strong> fue otorgado al profesor Dr. Petre Teodorescu, miembro de la Academia de Ciencias Técnicas y profesor de la Universidad de Bucarest.</li>



<li><strong>El premio «Carol Davila» de Medicina</strong> fue otorgado al profesor Dr. Dafin Fior Mureşanu.</li>



<li><strong>El premio «Eugeniu Carada» de Economía</strong> fue otorgado al profesor Bogdan Murgescu, de la Facultad de Historia de la Universidad de Bucarest.</li>



<li>El premio «Nicolae Titulescu» de Diplomacia/Ciencias Políticas fue otorgado al Sr. Marius Lazurcă, embajador de Rumanía en Chisináu.</li>



<li>El premio «Spiru Haret» para Educación/Medio Ambiente/Social fue otorgado al profesor Dr. Marian Vasile, del Instituto de Investigación sobre la Calidad de Vida de la Academia Rumana. </li>



<li><strong>El premio «Constantin Brâncuşi» de Arte/Cultura</strong> fue otorgado al crítico de Iaşi, el Sr. Valentin Ciucă.  </li>
</ul>

<p>Aunque últimamente la Gran Logia ha puesto en marcha diversas iniciativas con repercusión en la sociedad civil, la Gala de los Premios de la Gran Logia Nacional de Rumanía ha logrado captar la atención por la forma en que se ha desarrollado este evento de gran prestigio. Los galardonados</p>

<!-- This site is optimized with the Yoast SEO plugin v27.0 - https://yoast.com/product/yoast-seo-wordpress/ -->
<title>Primera edición de la Gala de Premios de la GLNR - MLNR</title>
<meta name="robots" content="index, follow, max-snippet:-1, max-image-preview:large, max-video-preview:-1" />
<link rel="canonical" href="https://www.mlnr.ro/es/gala-premiilor/primera-edicion-de-la-gala-de-premios-mlnr/" />
<meta property="og:locale" content="es_ES" />
<meta property="og:type" content="article" />
<meta property="og:title" content="Primera edición de la Gala de Premios de la GLNR - MLNR" />
<meta property="og:description" content="Aunque últimamente la Gran Logia ha puesto en marcha diversas iniciativas con repercusión en la sociedad civil, la Gala de los Premios de la Gran Logia Nacional de Rumanía ha logrado captar la atención por la forma en que se ha desarrollado este evento de gran prestigio. Los galardonados" />
<meta property="og:url" content="https://www.mlnr.ro/es/gala-premiilor/primera-edicion-de-la-gala-de-premios-mlnr/" />
<meta property="og:site_name" content="MLNR" />
<meta property="article:modified_time" content="2026-04-24T08:34:01+00:00" />
<meta property="og:image" content="https://www.mlnr.ro/wp-content/uploads/2024/09/ateneul.jpg" />
	<meta property="og:image:width" content="1920" />
	<meta property="og:image:height" content="1008" />
	<meta property="og:image:type" content="image/jpeg" />
<meta name="twitter:card" content="summary_large_image" />
<meta name="twitter:label1" content="Tiempo de lectura" />
	<meta name="twitter:data1" content="1 minute" />
<script type="application/ld+json" class="yoast-schema-graph">{"@context":"https://schema.org","@graph":[{"@type":"WebPage","@id":"https://www.mlnr.ro/es/gala-premiilor/primera-edicion-de-la-gala-de-premios-mlnr/","url":"https://www.mlnr.ro/es/gala-premiilor/primera-edicion-de-la-gala-de-premios-mlnr/","name":"Primera edición de la Gala de Premios de la GLNR - MLNR","isPartOf":{"@id":"https://www.mlnr.ro/es/#website"},"primaryImageOfPage":{"@id":"https://www.mlnr.ro/es/gala-premiilor/primera-edicion-de-la-gala-de-premios-mlnr/#primaryimage"},"image":{"@id":"https://www.mlnr.ro/es/gala-premiilor/primera-edicion-de-la-gala-de-premios-mlnr/#primaryimage"},"thumbnailUrl":"https://www.mlnr.ro/wp-content/uploads/2024/09/ateneul.jpg","datePublished":"2026-02-27T18:20:06+00:00","dateModified":"2026-04-24T08:34:01+00:00","breadcrumb":{"@id":"https://www.mlnr.ro/es/gala-premiilor/primera-edicion-de-la-gala-de-premios-mlnr/#breadcrumb"},"inLanguage":"es-ES","potentialAction":[{"@type":"ReadAction","target":["https://www.mlnr.ro/es/gala-premiilor/primera-edicion-de-la-gala-de-premios-mlnr/"]}]},{"@type":"ImageObject","inLanguage":"es-ES","@id":"https://www.mlnr.ro/es/gala-premiilor/primera-edicion-de-la-gala-de-premios-mlnr/#primaryimage","url":"https://www.mlnr.ro/wp-content/uploads/2024/09/ateneul.jpg","contentUrl":"https://www.mlnr.ro/wp-content/uploads/2024/09/ateneul.jpg","width":1920,"height":1008},{"@type":"BreadcrumbList","@id":"https://www.mlnr.ro/es/gala-premiilor/primera-edicion-de-la-gala-de-premios-mlnr/#breadcrumb","itemListElement":[{"@type":"ListItem","position":1,"name":"Prima pagină","item":"https://www.mlnr.ro/es/acasa/"},{"@type":"ListItem","position":2,"name":"Primera edición de la Gala de Premios de la GLNR"}]},{"@type":"WebSite","@id":"https://www.mlnr.ro/es/#website","url":"https://www.mlnr.ro/es/","name":"MLNR","description":"","publisher":{"@id":"https://www.mlnr.ro/es/#organization"},"potentialAction":[{"@type":"SearchAction","target":{"@type":"EntryPoint","urlTemplate":"https://www.mlnr.ro/es/?s={search_term_string}"},"query-input":{"@type":"PropertyValueSpecification","valueRequired":true,"valueName":"search_term_string"}}],"inLanguage":"es-ES"},{"@type":"Organization","@id":"https://www.mlnr.ro/es/#organization","name":"MLNR","url":"https://www.mlnr.ro/es/","logo":{"@type":"ImageObject","inLanguage":"es-ES","@id":"https://www.mlnr.ro/es/#/schema/logo/image/","url":"https://www.mlnr.ro/wp-content/uploads/2025/12/prj-edited.png","contentUrl":"https://www.mlnr.ro/wp-content/uploads/2025/12/prj-edited.png","width":300,"height":188,"caption":"MLNR"},"image":{"@id":"https://www.mlnr.ro/es/#/schema/logo/image/"}}]}</script>
<!-- / Yoast SEO plugin. -->

Primera edición de la Gala de Premios de la GLNR - MLNR

Aunque últimamente la Gran Logia ha puesto en marcha diversas iniciativas con repercusión en la sociedad civil, la Gala de los Premios de la Gran Logia Nacional de Rumanía ha logrado captar la atención por la forma en que se ha desarrollado este evento de gran prestigio. Los galardonados

Prima pagină
