{"id":4263,"date":"2026-02-27T21:15:53","date_gmt":"2026-02-27T19:15:53","guid":{"rendered":"https:\/\/www.mlnr.ro\/gala-premiilor\/10e-edition-du-gala-des-prix-mlnr\/"},"modified":"2026-04-24T09:53:01","modified_gmt":"2026-04-24T06:53:01","slug":"10e-edition-du-gala-des-prix-mlnr","status":"publish","type":"gala_premiilor","link":"https:\/\/www.mlnr.ro\/fr\/gala-premiilor\/10e-edition-du-gala-des-prix-mlnr\/","title":{"rendered":"10e \u00e9dition du Gala des prix de la GLNR"},"content":{"rendered":"\n<h2 class=\"wp-block-heading\">Laur\u00e9ats<\/h2>\n\n<p>Prix Grigore Moisil pour les sciences exactes : Acad. Gabriela Marinoschi pour sa monographie \u00ab Dual Variational Approach to Nonlinear Diffusion Equations \u00bb. <\/p>\n\n<p>Prix Henri Coand\u0103 pour les sciences appliqu\u00e9es : Prof. univ. dr. Sergiu Nedevschi pour ses r\u00e9alisations dans le domaine des syst\u00e8mes avanc\u00e9s de conduite autonome.<\/p>\n\n<p>Prix Carol Davila pour la m\u00e9decine : Prof. univ. dr. Octavian Bucur pour ses travaux novateurs dans le domaine de la pathologie nanoscopique.<\/p>\n\n<p>Prix Constantin Br\u00e2ncu\u0219i pour l&#8217;art et la culture : Nichita Danilov pour son roman \u00ab L&#8217;homme dans l&#8217;\u00e9prouvette \u00bb.<\/p>\n\n<p>Prix Nicolae Titulescu pour la diplomatie et les sciences politiques : Prof. univ. dr. Dan Dungaciu pour son ouvrage \u00ab Geopolitical Encyclopedia of the Black Sea \u00bb.<\/p>\n\n<p>Prix Eugeniu Carada pour l&#8217;\u00e9conomie : Prof. Tudorel Andrei pour son \u00e9tude \u00ab Le commerce ext\u00e9rieur de la Roumanie avec les produits agroalimentaires 1990-2020 \u00bb.<\/p>\n","protected":false},"excerpt":{"rendered":"<p>Laur\u00e9ats Prix Grigore Moisil pour les sciences exactes : Acad. Gabriela Marinoschi pour sa monographie \u00ab Dual Variational Approach to Nonlinear Diffusion Equations \u00bb. Prix Henri Coand\u0103 pour les sciences appliqu\u00e9es : Prof. univ. dr. Sergiu Nedevschi pour ses r\u00e9alisations dans le domaine des syst\u00e8mes avanc\u00e9s de conduite autonome. Prix Carol Davila pour la m\u00e9decine&hellip; <a class=\"more-link\" href=\"https:\/\/www.mlnr.ro\/fr\/gala-premiilor\/10e-edition-du-gala-des-prix-mlnr\/\">Continue reading <span class=\"screen-reader-text\">10e \u00e9dition du Gala des prix de la GLNR<\/span><\/a><\/p>\n","protected":false},"featured_media":1999,"template":"","class_list":["post-4263","gala_premiilor","type-gala_premiilor","status-publish","has-post-thumbnail","hentry","entry"],"acf":[],"yoast_head":"<!-- This site is optimized with the Yoast SEO plugin v27.0 - https:\/\/yoast.com\/product\/yoast-seo-wordpress\/ -->\n<title>10e \u00e9dition du Gala des prix de la GLNR - MLNR<\/title>\n<meta name=\"robots\" content=\"index, follow, max-snippet:-1, max-image-preview:large, max-video-preview:-1\" \/>\n<link rel=\"canonical\" href=\"https:\/\/www.mlnr.ro\/fr\/gala-premiilor\/10e-edition-du-gala-des-prix-mlnr\/\" \/>\n<meta property=\"og:locale\" content=\"fr_FR\" \/>\n<meta property=\"og:type\" content=\"article\" \/>\n<meta property=\"og:title\" content=\"10e \u00e9dition du Gala des prix de la GLNR - MLNR\" \/>\n<meta property=\"og:description\" content=\"Laur\u00e9ats Prix Grigore Moisil pour les sciences exactes : Acad. Gabriela Marinoschi pour sa monographie \u00ab Dual Variational Approach to Nonlinear Diffusion Equations \u00bb. Prix Henri Coand\u0103 pour les sciences appliqu\u00e9es : Prof. univ. dr. Sergiu Nedevschi pour ses r\u00e9alisations dans le domaine des syst\u00e8mes avanc\u00e9s de conduite autonome. Prix Carol Davila pour la m\u00e9decine&hellip; Continue reading 10e \u00e9dition du Gala des prix de la GLNR\" \/>\n<meta property=\"og:url\" content=\"https:\/\/www.mlnr.ro\/fr\/gala-premiilor\/10e-edition-du-gala-des-prix-mlnr\/\" \/>\n<meta property=\"og:site_name\" content=\"MLNR\" \/>\n<meta property=\"article:modified_time\" content=\"2026-04-24T06:53:01+00:00\" \/>\n<meta property=\"og:image\" content=\"https:\/\/www.mlnr.ro\/wp-content\/uploads\/2024\/09\/ateneul.jpg\" \/>\n\t<meta property=\"og:image:width\" content=\"1920\" \/>\n\t<meta property=\"og:image:height\" content=\"1008\" \/>\n\t<meta property=\"og:image:type\" content=\"image\/jpeg\" \/>\n<meta name=\"twitter:card\" content=\"summary_large_image\" \/>\n<meta name=\"twitter:label1\" content=\"Dur\u00e9e de lecture estim\u00e9e\" \/>\n\t<meta name=\"twitter:data1\" content=\"1 minute\" \/>\n<script type=\"application\/ld+json\" class=\"yoast-schema-graph\">{\"@context\":\"https:\/\/schema.org\",\"@graph\":[{\"@type\":\"WebPage\",\"@id\":\"https:\/\/www.mlnr.ro\/fr\/gala-premiilor\/10e-edition-du-gala-des-prix-mlnr\/\",\"url\":\"https:\/\/www.mlnr.ro\/fr\/gala-premiilor\/10e-edition-du-gala-des-prix-mlnr\/\",\"name\":\"10e \u00e9dition du Gala des prix de la GLNR - MLNR\",\"isPartOf\":{\"@id\":\"https:\/\/www.mlnr.ro\/fr\/#website\"},\"primaryImageOfPage\":{\"@id\":\"https:\/\/www.mlnr.ro\/fr\/gala-premiilor\/10e-edition-du-gala-des-prix-mlnr\/#primaryimage\"},\"image\":{\"@id\":\"https:\/\/www.mlnr.ro\/fr\/gala-premiilor\/10e-edition-du-gala-des-prix-mlnr\/#primaryimage\"},\"thumbnailUrl\":\"https:\/\/www.mlnr.ro\/wp-content\/uploads\/2024\/09\/ateneul.jpg\",\"datePublished\":\"2026-02-27T19:15:53+00:00\",\"dateModified\":\"2026-04-24T06:53:01+00:00\",\"breadcrumb\":{\"@id\":\"https:\/\/www.mlnr.ro\/fr\/gala-premiilor\/10e-edition-du-gala-des-prix-mlnr\/#breadcrumb\"},\"inLanguage\":\"fr-FR\",\"potentialAction\":[{\"@type\":\"ReadAction\",\"target\":[\"https:\/\/www.mlnr.ro\/fr\/gala-premiilor\/10e-edition-du-gala-des-prix-mlnr\/\"]}]},{\"@type\":\"ImageObject\",\"inLanguage\":\"fr-FR\",\"@id\":\"https:\/\/www.mlnr.ro\/fr\/gala-premiilor\/10e-edition-du-gala-des-prix-mlnr\/#primaryimage\",\"url\":\"https:\/\/www.mlnr.ro\/wp-content\/uploads\/2024\/09\/ateneul.jpg\",\"contentUrl\":\"https:\/\/www.mlnr.ro\/wp-content\/uploads\/2024\/09\/ateneul.jpg\",\"width\":1920,\"height\":1008},{\"@type\":\"BreadcrumbList\",\"@id\":\"https:\/\/www.mlnr.ro\/fr\/gala-premiilor\/10e-edition-du-gala-des-prix-mlnr\/#breadcrumb\",\"itemListElement\":[{\"@type\":\"ListItem\",\"position\":1,\"name\":\"Prima pagin\u0103\",\"item\":\"https:\/\/www.mlnr.ro\/fr\/acasa\/\"},{\"@type\":\"ListItem\",\"position\":2,\"name\":\"10e \u00e9dition du Gala des prix de la GLNR\"}]},{\"@type\":\"WebSite\",\"@id\":\"https:\/\/www.mlnr.ro\/fr\/#website\",\"url\":\"https:\/\/www.mlnr.ro\/fr\/\",\"name\":\"MLNR\",\"description\":\"\",\"publisher\":{\"@id\":\"https:\/\/www.mlnr.ro\/fr\/#organization\"},\"potentialAction\":[{\"@type\":\"SearchAction\",\"target\":{\"@type\":\"EntryPoint\",\"urlTemplate\":\"https:\/\/www.mlnr.ro\/fr\/?s={search_term_string}\"},\"query-input\":{\"@type\":\"PropertyValueSpecification\",\"valueRequired\":true,\"valueName\":\"search_term_string\"}}],\"inLanguage\":\"fr-FR\"},{\"@type\":\"Organization\",\"@id\":\"https:\/\/www.mlnr.ro\/fr\/#organization\",\"name\":\"MLNR\",\"url\":\"https:\/\/www.mlnr.ro\/fr\/\",\"logo\":{\"@type\":\"ImageObject\",\"inLanguage\":\"fr-FR\",\"@id\":\"https:\/\/www.mlnr.ro\/fr\/#\/schema\/logo\/image\/\",\"url\":\"https:\/\/www.mlnr.ro\/wp-content\/uploads\/2025\/12\/prj-edited.png\",\"contentUrl\":\"https:\/\/www.mlnr.ro\/wp-content\/uploads\/2025\/12\/prj-edited.png\",\"width\":300,\"height\":188,\"caption\":\"MLNR\"},\"image\":{\"@id\":\"https:\/\/www.mlnr.ro\/fr\/#\/schema\/logo\/image\/\"}}]}<\/script>\n<!-- \/ Yoast SEO plugin. -->","yoast_head_json":{"title":"10e \u00e9dition du Gala des prix de la GLNR - MLNR","robots":{"index":"index","follow":"follow","max-snippet":"max-snippet:-1","max-image-preview":"max-image-preview:large","max-video-preview":"max-video-preview:-1"},"canonical":"https:\/\/www.mlnr.ro\/fr\/gala-premiilor\/10e-edition-du-gala-des-prix-mlnr\/","og_locale":"fr_FR","og_type":"article","og_title":"10e \u00e9dition du Gala des prix de la GLNR - MLNR","og_description":"Laur\u00e9ats Prix Grigore Moisil pour les sciences exactes : Acad. Gabriela Marinoschi pour sa monographie \u00ab Dual Variational Approach to Nonlinear Diffusion Equations \u00bb. Prix Henri Coand\u0103 pour les sciences appliqu\u00e9es : Prof. univ. dr. Sergiu Nedevschi pour ses r\u00e9alisations dans le domaine des syst\u00e8mes avanc\u00e9s de conduite autonome. Prix Carol Davila pour la m\u00e9decine&hellip; Continue reading 10e \u00e9dition du Gala des prix de la GLNR","og_url":"https:\/\/www.mlnr.ro\/fr\/gala-premiilor\/10e-edition-du-gala-des-prix-mlnr\/","og_site_name":"MLNR","article_modified_time":"2026-04-24T06:53:01+00:00","og_image":[{"width":1920,"height":1008,"url":"https:\/\/www.mlnr.ro\/wp-content\/uploads\/2024\/09\/ateneul.jpg","type":"image\/jpeg"}],"twitter_card":"summary_large_image","twitter_misc":{"Dur\u00e9e de lecture estim\u00e9e":"1 minute"},"schema":{"@context":"https:\/\/schema.org","@graph":[{"@type":"WebPage","@id":"https:\/\/www.mlnr.ro\/fr\/gala-premiilor\/10e-edition-du-gala-des-prix-mlnr\/","url":"https:\/\/www.mlnr.ro\/fr\/gala-premiilor\/10e-edition-du-gala-des-prix-mlnr\/","name":"10e \u00e9dition du Gala des prix de la GLNR - MLNR","isPartOf":{"@id":"https:\/\/www.mlnr.ro\/fr\/#website"},"primaryImageOfPage":{"@id":"https:\/\/www.mlnr.ro\/fr\/gala-premiilor\/10e-edition-du-gala-des-prix-mlnr\/#primaryimage"},"image":{"@id":"https:\/\/www.mlnr.ro\/fr\/gala-premiilor\/10e-edition-du-gala-des-prix-mlnr\/#primaryimage"},"thumbnailUrl":"https:\/\/www.mlnr.ro\/wp-content\/uploads\/2024\/09\/ateneul.jpg","datePublished":"2026-02-27T19:15:53+00:00","dateModified":"2026-04-24T06:53:01+00:00","breadcrumb":{"@id":"https:\/\/www.mlnr.ro\/fr\/gala-premiilor\/10e-edition-du-gala-des-prix-mlnr\/#breadcrumb"},"inLanguage":"fr-FR","potentialAction":[{"@type":"ReadAction","target":["https:\/\/www.mlnr.ro\/fr\/gala-premiilor\/10e-edition-du-gala-des-prix-mlnr\/"]}]},{"@type":"ImageObject","inLanguage":"fr-FR","@id":"https:\/\/www.mlnr.ro\/fr\/gala-premiilor\/10e-edition-du-gala-des-prix-mlnr\/#primaryimage","url":"https:\/\/www.mlnr.ro\/wp-content\/uploads\/2024\/09\/ateneul.jpg","contentUrl":"https:\/\/www.mlnr.ro\/wp-content\/uploads\/2024\/09\/ateneul.jpg","width":1920,"height":1008},{"@type":"BreadcrumbList","@id":"https:\/\/www.mlnr.ro\/fr\/gala-premiilor\/10e-edition-du-gala-des-prix-mlnr\/#breadcrumb","itemListElement":[{"@type":"ListItem","position":1,"name":"Prima pagin\u0103","item":"https:\/\/www.mlnr.ro\/fr\/acasa\/"},{"@type":"ListItem","position":2,"name":"10e \u00e9dition du Gala des prix de la GLNR"}]},{"@type":"WebSite","@id":"https:\/\/www.mlnr.ro\/fr\/#website","url":"https:\/\/www.mlnr.ro\/fr\/","name":"MLNR","description":"","publisher":{"@id":"https:\/\/www.mlnr.ro\/fr\/#organization"},"potentialAction":[{"@type":"SearchAction","target":{"@type":"EntryPoint","urlTemplate":"https:\/\/www.mlnr.ro\/fr\/?s={search_term_string}"},"query-input":{"@type":"PropertyValueSpecification","valueRequired":true,"valueName":"search_term_string"}}],"inLanguage":"fr-FR"},{"@type":"Organization","@id":"https:\/\/www.mlnr.ro\/fr\/#organization","name":"MLNR","url":"https:\/\/www.mlnr.ro\/fr\/","logo":{"@type":"ImageObject","inLanguage":"fr-FR","@id":"https:\/\/www.mlnr.ro\/fr\/#\/schema\/logo\/image\/","url":"https:\/\/www.mlnr.ro\/wp-content\/uploads\/2025\/12\/prj-edited.png","contentUrl":"https:\/\/www.mlnr.ro\/wp-content\/uploads\/2025\/12\/prj-edited.png","width":300,"height":188,"caption":"MLNR"},"image":{"@id":"https:\/\/www.mlnr.ro\/fr\/#\/schema\/logo\/image\/"}}]}},"_links":{"self":[{"href":"https:\/\/www.mlnr.ro\/fr\/wp-json\/wp\/v2\/gala_premiilor\/4263","targetHints":{"allow":["GET"]}}],"collection":[{"href":"https:\/\/www.mlnr.ro\/fr\/wp-json\/wp\/v2\/gala_premiilor"}],"about":[{"href":"https:\/\/www.mlnr.ro\/fr\/wp-json\/wp\/v2\/types\/gala_premiilor"}],"version-history":[{"count":5,"href":"https:\/\/www.mlnr.ro\/fr\/wp-json\/wp\/v2\/gala_premiilor\/4263\/revisions"}],"predecessor-version":[{"id":5141,"href":"https:\/\/www.mlnr.ro\/fr\/wp-json\/wp\/v2\/gala_premiilor\/4263\/revisions\/5141"}],"wp:featuredmedia":[{"embeddable":true,"href":"https:\/\/www.mlnr.ro\/fr\/wp-json\/wp\/v2\/media\/1999"}],"wp:attachment":[{"href":"https:\/\/www.mlnr.ro\/fr\/wp-json\/wp\/v2\/media?parent=4263"}],"curies":[{"name":"wp","href":"https:\/\/api.w.org\/{rel}","templated":true}]}}

10e édition du Gala des prix de la GLNR

<h2 class="wp-block-heading">Lauréats</h2>

<p>Prix Grigore Moisil pour les sciences exactes : Acad. Gabriela Marinoschi pour sa monographie « Dual Variational Approach to Nonlinear Diffusion Equations ». </p>

<p>Prix Henri Coandă pour les sciences appliquées : Prof. univ. dr. Sergiu Nedevschi pour ses réalisations dans le domaine des systèmes avancés de conduite autonome.</p>

<p>Prix Carol Davila pour la médecine : Prof. univ. dr. Octavian Bucur pour ses travaux novateurs dans le domaine de la pathologie nanoscopique.</p>

<p>Prix Constantin Brâncuși pour l&#8217;art et la culture : Nichita Danilov pour son roman « L&#8217;homme dans l&#8217;éprouvette ».</p>

<p>Prix Nicolae Titulescu pour la diplomatie et les sciences politiques : Prof. univ. dr. Dan Dungaciu pour son ouvrage « Geopolitical Encyclopedia of the Black Sea ».</p>

<p>Prix Eugeniu Carada pour l&#8217;économie : Prof. Tudorel Andrei pour son étude « Le commerce extérieur de la Roumanie avec les produits agroalimentaires 1990-2020 ».</p>

<p>Lauréats Prix Grigore Moisil pour les sciences exactes : Acad. Gabriela Marinoschi pour sa monographie « Dual Variational Approach to Nonlinear Diffusion Equations ». Prix Henri Coandă pour les sciences appliquées : Prof. univ. dr. Sergiu Nedevschi pour ses réalisations dans le domaine des systèmes avancés de conduite autonome. Prix Carol Davila pour la médecine&hellip; <a class="more-link" href="https://www.mlnr.ro/fr/gala-premiilor/10e-edition-du-gala-des-prix-mlnr/">Continue reading <span class="screen-reader-text">10e édition du Gala des prix de la GLNR</span></a></p>

<!-- This site is optimized with the Yoast SEO plugin v27.0 - https://yoast.com/product/yoast-seo-wordpress/ -->
<title>10e édition du Gala des prix de la GLNR - MLNR</title>
<meta name="robots" content="index, follow, max-snippet:-1, max-image-preview:large, max-video-preview:-1" />
<link rel="canonical" href="https://www.mlnr.ro/fr/gala-premiilor/10e-edition-du-gala-des-prix-mlnr/" />
<meta property="og:locale" content="fr_FR" />
<meta property="og:type" content="article" />
<meta property="og:title" content="10e édition du Gala des prix de la GLNR - MLNR" />
<meta property="og:description" content="Lauréats Prix Grigore Moisil pour les sciences exactes : Acad. Gabriela Marinoschi pour sa monographie « Dual Variational Approach to Nonlinear Diffusion Equations ». Prix Henri Coandă pour les sciences appliquées : Prof. univ. dr. Sergiu Nedevschi pour ses réalisations dans le domaine des systèmes avancés de conduite autonome. Prix Carol Davila pour la médecine&hellip; Continue reading 10e édition du Gala des prix de la GLNR" />
<meta property="og:url" content="https://www.mlnr.ro/fr/gala-premiilor/10e-edition-du-gala-des-prix-mlnr/" />
<meta property="og:site_name" content="MLNR" />
<meta property="article:modified_time" content="2026-04-24T06:53:01+00:00" />
<meta property="og:image" content="https://www.mlnr.ro/wp-content/uploads/2024/09/ateneul.jpg" />
	<meta property="og:image:width" content="1920" />
	<meta property="og:image:height" content="1008" />
	<meta property="og:image:type" content="image/jpeg" />
<meta name="twitter:card" content="summary_large_image" />
<meta name="twitter:label1" content="Durée de lecture estimée" />
	<meta name="twitter:data1" content="1 minute" />
<script type="application/ld+json" class="yoast-schema-graph">{"@context":"https://schema.org","@graph":[{"@type":"WebPage","@id":"https://www.mlnr.ro/fr/gala-premiilor/10e-edition-du-gala-des-prix-mlnr/","url":"https://www.mlnr.ro/fr/gala-premiilor/10e-edition-du-gala-des-prix-mlnr/","name":"10e édition du Gala des prix de la GLNR - MLNR","isPartOf":{"@id":"https://www.mlnr.ro/fr/#website"},"primaryImageOfPage":{"@id":"https://www.mlnr.ro/fr/gala-premiilor/10e-edition-du-gala-des-prix-mlnr/#primaryimage"},"image":{"@id":"https://www.mlnr.ro/fr/gala-premiilor/10e-edition-du-gala-des-prix-mlnr/#primaryimage"},"thumbnailUrl":"https://www.mlnr.ro/wp-content/uploads/2024/09/ateneul.jpg","datePublished":"2026-02-27T19:15:53+00:00","dateModified":"2026-04-24T06:53:01+00:00","breadcrumb":{"@id":"https://www.mlnr.ro/fr/gala-premiilor/10e-edition-du-gala-des-prix-mlnr/#breadcrumb"},"inLanguage":"fr-FR","potentialAction":[{"@type":"ReadAction","target":["https://www.mlnr.ro/fr/gala-premiilor/10e-edition-du-gala-des-prix-mlnr/"]}]},{"@type":"ImageObject","inLanguage":"fr-FR","@id":"https://www.mlnr.ro/fr/gala-premiilor/10e-edition-du-gala-des-prix-mlnr/#primaryimage","url":"https://www.mlnr.ro/wp-content/uploads/2024/09/ateneul.jpg","contentUrl":"https://www.mlnr.ro/wp-content/uploads/2024/09/ateneul.jpg","width":1920,"height":1008},{"@type":"BreadcrumbList","@id":"https://www.mlnr.ro/fr/gala-premiilor/10e-edition-du-gala-des-prix-mlnr/#breadcrumb","itemListElement":[{"@type":"ListItem","position":1,"name":"Prima pagină","item":"https://www.mlnr.ro/fr/acasa/"},{"@type":"ListItem","position":2,"name":"10e édition du Gala des prix de la GLNR"}]},{"@type":"WebSite","@id":"https://www.mlnr.ro/fr/#website","url":"https://www.mlnr.ro/fr/","name":"MLNR","description":"","publisher":{"@id":"https://www.mlnr.ro/fr/#organization"},"potentialAction":[{"@type":"SearchAction","target":{"@type":"EntryPoint","urlTemplate":"https://www.mlnr.ro/fr/?s={search_term_string}"},"query-input":{"@type":"PropertyValueSpecification","valueRequired":true,"valueName":"search_term_string"}}],"inLanguage":"fr-FR"},{"@type":"Organization","@id":"https://www.mlnr.ro/fr/#organization","name":"MLNR","url":"https://www.mlnr.ro/fr/","logo":{"@type":"ImageObject","inLanguage":"fr-FR","@id":"https://www.mlnr.ro/fr/#/schema/logo/image/","url":"https://www.mlnr.ro/wp-content/uploads/2025/12/prj-edited.png","contentUrl":"https://www.mlnr.ro/wp-content/uploads/2025/12/prj-edited.png","width":300,"height":188,"caption":"MLNR"},"image":{"@id":"https://www.mlnr.ro/fr/#/schema/logo/image/"}}]}</script>
<!-- / Yoast SEO plugin. -->

10e édition du Gala des prix de la GLNR - MLNR

Lauréats Prix Grigore Moisil pour les sciences exactes : Acad. Gabriela Marinoschi pour sa monographie « Dual Variational Approach to Nonlinear Diffusion Equations ». Prix Henri Coandă pour les sciences appliquées : Prof. univ. dr. Sergiu Nedevschi pour ses réalisations dans le domaine des systèmes avancés de conduite autonome. Prix Carol Davila pour la médecine&hellip; Continue reading 10e édition du Gala des prix de la GLNR

Prima pagină
