{"id":4048,"date":"2026-02-27T17:07:14","date_gmt":"2026-02-27T15:07:14","guid":{"rendered":"https:\/\/www.mlnr.ro\/activitati_sociale\/i-leader-nascono-o-si-formano\/"},"modified":"2026-04-24T10:35:20","modified_gmt":"2026-04-24T07:35:20","slug":"i-leader-nascono-o-si-formano","status":"publish","type":"activitati_sociale","link":"https:\/\/www.mlnr.ro\/it\/activitati_sociale\/i-leader-nascono-o-si-formano\/","title":{"rendered":"I leader nascono o si formano?"},"content":{"rendered":"\n<p>Prima conferenza del programma \u201cLeadership e diplomazia per la Romania\u201d<\/p>\n\n<p>Il 17 aprile 2024, nell&#8217;Aula della Biblioteca Centrale Universitaria \u201cCarol I\u201d di Bucarest, si \u00e8 tenuta la conferenza \u201cDalla comunicazione alla diplomazia: formare leader\u201d, che ha riunito partecipanti provenienti dal mondo istituzionale, accademico e della societ\u00e0 civile, proponendo un dibattito applicato sulle competenze di leadership e sul ruolo della diplomazia in un contesto internazionale in evoluzione.<\/p>\n\n<p>La conferenza \u00e8 stata aperta dagli interventi del Gran Maestro della GLNR, C\u0103t\u0103lin Toh\u0103neanu, e del Gran Maestro Aggiunto, Mircea Gheordunescu, che hanno sottolineato l&#8217;importanza della leadership e della diplomazia per la societ\u00e0 odierna.<\/p>\n\n<p>Tra gli ospiti principali figurava Radu Co\u0219arc\u0103, Professore Associato presso l&#8217;Universit\u00e0 di Bucarest (Facolt\u00e0 di Giornalismo e Scienze della Comunicazione). Nella presentazione \u201cLeader nell&#8217;era della comunicazione\u201d, ha analizzato il ruolo del leader in un ambiente mediatico in continua trasformazione e ha evidenziato le strategie necessarie per una comunicazione efficace e credibile. <\/p>\n\n<p>Un altro momento importante \u00e8 stata la conferenza del Generale di Brigata (r) Dr. Mihai-Liviu D\u0103nil\u0103, diplomatico e Professore Associato presso il CNAI e l&#8217;Accademia di Polizia, ex rappresentante del Ministero degli Affari Esteri. Nel suo intervento \u201cApprocci e sfide per il meccanismo di risposta integrata alle crisi\u201d, ha presentato prospettive tratte dalla sua esperienza nella gestione di situazioni complesse e ha sottolineato la necessit\u00e0 di una risposta coordinata, rapida ed efficace. <\/p>\n\n<p>La conferenza ha funzionato come piattaforma di dialogo e scambio di idee, orientata allo sviluppo delle capacit\u00e0 di leadership e diplomazia. L&#8217;evento segna l&#8217;inizio di un programma che mira a sostenere la formazione di una nuova generazione di leader pronti a rispondere alle sfide contemporanee e a contribuire all&#8217;evoluzione della societ\u00e0 rumena. <\/p>\n","protected":false},"excerpt":{"rendered":"<p>Prima conferenza del programma \u201cLeadership e diplomazia per la Romania\u201d Il 17 aprile 2024, nell&#8217;Aula della Biblioteca Centrale Universitaria \u201cCarol I\u201d di Bucarest, si \u00e8 tenuta la conferenza \u201cDalla comunicazione alla diplomazia: formare leader\u201d, che ha riunito partecipanti provenienti dal mondo istituzionale, accademico e della societ\u00e0 civile, proponendo un dibattito applicato sulle competenze di leadership&hellip; <a class=\"more-link\" href=\"https:\/\/www.mlnr.ro\/it\/activitati_sociale\/i-leader-nascono-o-si-formano\/\">Continue reading <span class=\"screen-reader-text\">I leader nascono o si formano?<\/span><\/a><\/p>\n","protected":false},"featured_media":3256,"template":"","class_list":["post-4048","activitati_sociale","type-activitati_sociale","status-publish","has-post-thumbnail","hentry","entry"],"acf":[],"yoast_head":"<!-- This site is optimized with the Yoast SEO plugin v27.0 - https:\/\/yoast.com\/product\/yoast-seo-wordpress\/ -->\n<title>I leader nascono o si formano? - MLNR<\/title>\n<meta name=\"robots\" content=\"index, follow, max-snippet:-1, max-image-preview:large, max-video-preview:-1\" \/>\n<link rel=\"canonical\" href=\"https:\/\/www.mlnr.ro\/it\/activitati_sociale\/i-leader-nascono-o-si-formano\/\" \/>\n<meta property=\"og:locale\" content=\"it_IT\" \/>\n<meta property=\"og:type\" content=\"article\" \/>\n<meta property=\"og:title\" content=\"I leader nascono o si formano? - MLNR\" \/>\n<meta property=\"og:description\" content=\"Prima conferenza del programma \u201cLeadership e diplomazia per la Romania\u201d Il 17 aprile 2024, nell&#8217;Aula della Biblioteca Centrale Universitaria \u201cCarol I\u201d di Bucarest, si \u00e8 tenuta la conferenza \u201cDalla comunicazione alla diplomazia: formare leader\u201d, che ha riunito partecipanti provenienti dal mondo istituzionale, accademico e della societ\u00e0 civile, proponendo un dibattito applicato sulle competenze di leadership&hellip; Continue reading I leader nascono o si formano?\" \/>\n<meta property=\"og:url\" content=\"https:\/\/www.mlnr.ro\/it\/activitati_sociale\/i-leader-nascono-o-si-formano\/\" \/>\n<meta property=\"og:site_name\" content=\"MLNR\" \/>\n<meta property=\"article:modified_time\" content=\"2026-04-24T07:35:20+00:00\" \/>\n<meta property=\"og:image\" content=\"https:\/\/www.mlnr.ro\/wp-content\/uploads\/2026\/01\/WhatsApp-Image-2026-01-23-at-14.57.06.jpeg\" \/>\n\t<meta property=\"og:image:width\" content=\"2048\" \/>\n\t<meta property=\"og:image:height\" content=\"1365\" \/>\n\t<meta property=\"og:image:type\" content=\"image\/jpeg\" \/>\n<meta name=\"twitter:card\" content=\"summary_large_image\" \/>\n<meta name=\"twitter:label1\" content=\"Tempo di lettura stimato\" \/>\n\t<meta name=\"twitter:data1\" content=\"1 minute\" \/>\n<script type=\"application\/ld+json\" class=\"yoast-schema-graph\">{\"@context\":\"https:\/\/schema.org\",\"@graph\":[{\"@type\":\"WebPage\",\"@id\":\"https:\/\/www.mlnr.ro\/it\/activitati_sociale\/i-leader-nascono-o-si-formano\/\",\"url\":\"https:\/\/www.mlnr.ro\/it\/activitati_sociale\/i-leader-nascono-o-si-formano\/\",\"name\":\"I leader nascono o si formano? - MLNR\",\"isPartOf\":{\"@id\":\"https:\/\/www.mlnr.ro\/it\/#website\"},\"primaryImageOfPage\":{\"@id\":\"https:\/\/www.mlnr.ro\/it\/activitati_sociale\/i-leader-nascono-o-si-formano\/#primaryimage\"},\"image\":{\"@id\":\"https:\/\/www.mlnr.ro\/it\/activitati_sociale\/i-leader-nascono-o-si-formano\/#primaryimage\"},\"thumbnailUrl\":\"https:\/\/www.mlnr.ro\/wp-content\/uploads\/2026\/01\/WhatsApp-Image-2026-01-23-at-14.57.06.jpeg\",\"datePublished\":\"2026-02-27T15:07:14+00:00\",\"dateModified\":\"2026-04-24T07:35:20+00:00\",\"breadcrumb\":{\"@id\":\"https:\/\/www.mlnr.ro\/it\/activitati_sociale\/i-leader-nascono-o-si-formano\/#breadcrumb\"},\"inLanguage\":\"it-IT\",\"potentialAction\":[{\"@type\":\"ReadAction\",\"target\":[\"https:\/\/www.mlnr.ro\/it\/activitati_sociale\/i-leader-nascono-o-si-formano\/\"]}]},{\"@type\":\"ImageObject\",\"inLanguage\":\"it-IT\",\"@id\":\"https:\/\/www.mlnr.ro\/it\/activitati_sociale\/i-leader-nascono-o-si-formano\/#primaryimage\",\"url\":\"https:\/\/www.mlnr.ro\/wp-content\/uploads\/2026\/01\/WhatsApp-Image-2026-01-23-at-14.57.06.jpeg\",\"contentUrl\":\"https:\/\/www.mlnr.ro\/wp-content\/uploads\/2026\/01\/WhatsApp-Image-2026-01-23-at-14.57.06.jpeg\",\"width\":2048,\"height\":1365},{\"@type\":\"BreadcrumbList\",\"@id\":\"https:\/\/www.mlnr.ro\/it\/activitati_sociale\/i-leader-nascono-o-si-formano\/#breadcrumb\",\"itemListElement\":[{\"@type\":\"ListItem\",\"position\":1,\"name\":\"Prima pagin\u0103\",\"item\":\"https:\/\/www.mlnr.ro\/it\/acasa\/\"},{\"@type\":\"ListItem\",\"position\":2,\"name\":\"I leader nascono o si formano?\"}]},{\"@type\":\"WebSite\",\"@id\":\"https:\/\/www.mlnr.ro\/it\/#website\",\"url\":\"https:\/\/www.mlnr.ro\/it\/\",\"name\":\"MLNR\",\"description\":\"\",\"publisher\":{\"@id\":\"https:\/\/www.mlnr.ro\/it\/#organization\"},\"potentialAction\":[{\"@type\":\"SearchAction\",\"target\":{\"@type\":\"EntryPoint\",\"urlTemplate\":\"https:\/\/www.mlnr.ro\/it\/?s={search_term_string}\"},\"query-input\":{\"@type\":\"PropertyValueSpecification\",\"valueRequired\":true,\"valueName\":\"search_term_string\"}}],\"inLanguage\":\"it-IT\"},{\"@type\":\"Organization\",\"@id\":\"https:\/\/www.mlnr.ro\/it\/#organization\",\"name\":\"MLNR\",\"url\":\"https:\/\/www.mlnr.ro\/it\/\",\"logo\":{\"@type\":\"ImageObject\",\"inLanguage\":\"it-IT\",\"@id\":\"https:\/\/www.mlnr.ro\/it\/#\/schema\/logo\/image\/\",\"url\":\"https:\/\/www.mlnr.ro\/wp-content\/uploads\/2025\/12\/prj-edited.png\",\"contentUrl\":\"https:\/\/www.mlnr.ro\/wp-content\/uploads\/2025\/12\/prj-edited.png\",\"width\":300,\"height\":188,\"caption\":\"MLNR\"},\"image\":{\"@id\":\"https:\/\/www.mlnr.ro\/it\/#\/schema\/logo\/image\/\"}}]}<\/script>\n<!-- \/ Yoast SEO plugin. -->","yoast_head_json":{"title":"I leader nascono o si formano? - MLNR","robots":{"index":"index","follow":"follow","max-snippet":"max-snippet:-1","max-image-preview":"max-image-preview:large","max-video-preview":"max-video-preview:-1"},"canonical":"https:\/\/www.mlnr.ro\/it\/activitati_sociale\/i-leader-nascono-o-si-formano\/","og_locale":"it_IT","og_type":"article","og_title":"I leader nascono o si formano? - MLNR","og_description":"Prima conferenza del programma \u201cLeadership e diplomazia per la Romania\u201d Il 17 aprile 2024, nell&#8217;Aula della Biblioteca Centrale Universitaria \u201cCarol I\u201d di Bucarest, si \u00e8 tenuta la conferenza \u201cDalla comunicazione alla diplomazia: formare leader\u201d, che ha riunito partecipanti provenienti dal mondo istituzionale, accademico e della societ\u00e0 civile, proponendo un dibattito applicato sulle competenze di leadership&hellip; Continue reading I leader nascono o si formano?","og_url":"https:\/\/www.mlnr.ro\/it\/activitati_sociale\/i-leader-nascono-o-si-formano\/","og_site_name":"MLNR","article_modified_time":"2026-04-24T07:35:20+00:00","og_image":[{"width":2048,"height":1365,"url":"https:\/\/www.mlnr.ro\/wp-content\/uploads\/2026\/01\/WhatsApp-Image-2026-01-23-at-14.57.06.jpeg","type":"image\/jpeg"}],"twitter_card":"summary_large_image","twitter_misc":{"Tempo di lettura stimato":"1 minute"},"schema":{"@context":"https:\/\/schema.org","@graph":[{"@type":"WebPage","@id":"https:\/\/www.mlnr.ro\/it\/activitati_sociale\/i-leader-nascono-o-si-formano\/","url":"https:\/\/www.mlnr.ro\/it\/activitati_sociale\/i-leader-nascono-o-si-formano\/","name":"I leader nascono o si formano? - MLNR","isPartOf":{"@id":"https:\/\/www.mlnr.ro\/it\/#website"},"primaryImageOfPage":{"@id":"https:\/\/www.mlnr.ro\/it\/activitati_sociale\/i-leader-nascono-o-si-formano\/#primaryimage"},"image":{"@id":"https:\/\/www.mlnr.ro\/it\/activitati_sociale\/i-leader-nascono-o-si-formano\/#primaryimage"},"thumbnailUrl":"https:\/\/www.mlnr.ro\/wp-content\/uploads\/2026\/01\/WhatsApp-Image-2026-01-23-at-14.57.06.jpeg","datePublished":"2026-02-27T15:07:14+00:00","dateModified":"2026-04-24T07:35:20+00:00","breadcrumb":{"@id":"https:\/\/www.mlnr.ro\/it\/activitati_sociale\/i-leader-nascono-o-si-formano\/#breadcrumb"},"inLanguage":"it-IT","potentialAction":[{"@type":"ReadAction","target":["https:\/\/www.mlnr.ro\/it\/activitati_sociale\/i-leader-nascono-o-si-formano\/"]}]},{"@type":"ImageObject","inLanguage":"it-IT","@id":"https:\/\/www.mlnr.ro\/it\/activitati_sociale\/i-leader-nascono-o-si-formano\/#primaryimage","url":"https:\/\/www.mlnr.ro\/wp-content\/uploads\/2026\/01\/WhatsApp-Image-2026-01-23-at-14.57.06.jpeg","contentUrl":"https:\/\/www.mlnr.ro\/wp-content\/uploads\/2026\/01\/WhatsApp-Image-2026-01-23-at-14.57.06.jpeg","width":2048,"height":1365},{"@type":"BreadcrumbList","@id":"https:\/\/www.mlnr.ro\/it\/activitati_sociale\/i-leader-nascono-o-si-formano\/#breadcrumb","itemListElement":[{"@type":"ListItem","position":1,"name":"Prima pagin\u0103","item":"https:\/\/www.mlnr.ro\/it\/acasa\/"},{"@type":"ListItem","position":2,"name":"I leader nascono o si formano?"}]},{"@type":"WebSite","@id":"https:\/\/www.mlnr.ro\/it\/#website","url":"https:\/\/www.mlnr.ro\/it\/","name":"MLNR","description":"","publisher":{"@id":"https:\/\/www.mlnr.ro\/it\/#organization"},"potentialAction":[{"@type":"SearchAction","target":{"@type":"EntryPoint","urlTemplate":"https:\/\/www.mlnr.ro\/it\/?s={search_term_string}"},"query-input":{"@type":"PropertyValueSpecification","valueRequired":true,"valueName":"search_term_string"}}],"inLanguage":"it-IT"},{"@type":"Organization","@id":"https:\/\/www.mlnr.ro\/it\/#organization","name":"MLNR","url":"https:\/\/www.mlnr.ro\/it\/","logo":{"@type":"ImageObject","inLanguage":"it-IT","@id":"https:\/\/www.mlnr.ro\/it\/#\/schema\/logo\/image\/","url":"https:\/\/www.mlnr.ro\/wp-content\/uploads\/2025\/12\/prj-edited.png","contentUrl":"https:\/\/www.mlnr.ro\/wp-content\/uploads\/2025\/12\/prj-edited.png","width":300,"height":188,"caption":"MLNR"},"image":{"@id":"https:\/\/www.mlnr.ro\/it\/#\/schema\/logo\/image\/"}}]}},"_links":{"self":[{"href":"https:\/\/www.mlnr.ro\/it\/wp-json\/wp\/v2\/activitati_sociale\/4048","targetHints":{"allow":["GET"]}}],"collection":[{"href":"https:\/\/www.mlnr.ro\/it\/wp-json\/wp\/v2\/activitati_sociale"}],"about":[{"href":"https:\/\/www.mlnr.ro\/it\/wp-json\/wp\/v2\/types\/activitati_sociale"}],"version-history":[{"count":5,"href":"https:\/\/www.mlnr.ro\/it\/wp-json\/wp\/v2\/activitati_sociale\/4048\/revisions"}],"predecessor-version":[{"id":5197,"href":"https:\/\/www.mlnr.ro\/it\/wp-json\/wp\/v2\/activitati_sociale\/4048\/revisions\/5197"}],"wp:featuredmedia":[{"embeddable":true,"href":"https:\/\/www.mlnr.ro\/it\/wp-json\/wp\/v2\/media\/3256"}],"wp:attachment":[{"href":"https:\/\/www.mlnr.ro\/it\/wp-json\/wp\/v2\/media?parent=4048"}],"curies":[{"name":"wp","href":"https:\/\/api.w.org\/{rel}","templated":true}]}}

<p>Prima conferenza del programma “Leadership e diplomazia per la Romania”</p>

<p>Il 17 aprile 2024, nell&#8217;Aula della Biblioteca Centrale Universitaria “Carol I” di Bucarest, si è tenuta la conferenza “Dalla comunicazione alla diplomazia: formare leader”, che ha riunito partecipanti provenienti dal mondo istituzionale, accademico e della società civile, proponendo un dibattito applicato sulle competenze di leadership e sul ruolo della diplomazia in un contesto internazionale in evoluzione.</p>

<p>La conferenza è stata aperta dagli interventi del Gran Maestro della GLNR, Cătălin Tohăneanu, e del Gran Maestro Aggiunto, Mircea Gheordunescu, che hanno sottolineato l&#8217;importanza della leadership e della diplomazia per la società odierna.</p>

<p>Tra gli ospiti principali figurava Radu Coșarcă, Professore Associato presso l&#8217;Università di Bucarest (Facoltà di Giornalismo e Scienze della Comunicazione). Nella presentazione “Leader nell&#8217;era della comunicazione”, ha analizzato il ruolo del leader in un ambiente mediatico in continua trasformazione e ha evidenziato le strategie necessarie per una comunicazione efficace e credibile. </p>

<p>Un altro momento importante è stata la conferenza del Generale di Brigata (r) Dr. Mihai-Liviu Dănilă, diplomatico e Professore Associato presso il CNAI e l&#8217;Accademia di Polizia, ex rappresentante del Ministero degli Affari Esteri. Nel suo intervento “Approcci e sfide per il meccanismo di risposta integrata alle crisi”, ha presentato prospettive tratte dalla sua esperienza nella gestione di situazioni complesse e ha sottolineato la necessità di una risposta coordinata, rapida ed efficace. </p>

<p>La conferenza ha funzionato come piattaforma di dialogo e scambio di idee, orientata allo sviluppo delle capacità di leadership e diplomazia. L&#8217;evento segna l&#8217;inizio di un programma che mira a sostenere la formazione di una nuova generazione di leader pronti a rispondere alle sfide contemporanee e a contribuire all&#8217;evoluzione della società rumena. </p>

<p>Prima conferenza del programma “Leadership e diplomazia per la Romania” Il 17 aprile 2024, nell&#8217;Aula della Biblioteca Centrale Universitaria “Carol I” di Bucarest, si è tenuta la conferenza “Dalla comunicazione alla diplomazia: formare leader”, che ha riunito partecipanti provenienti dal mondo istituzionale, accademico e della società civile, proponendo un dibattito applicato sulle competenze di leadership&hellip; <a class="more-link" href="https://www.mlnr.ro/it/activitati_sociale/i-leader-nascono-o-si-formano/">Continue reading <span class="screen-reader-text">I leader nascono o si formano?</span></a></p>

<!-- This site is optimized with the Yoast SEO plugin v27.0 - https://yoast.com/product/yoast-seo-wordpress/ -->
<title>I leader nascono o si formano? - MLNR</title>
<meta name="robots" content="index, follow, max-snippet:-1, max-image-preview:large, max-video-preview:-1" />
<link rel="canonical" href="https://www.mlnr.ro/it/activitati_sociale/i-leader-nascono-o-si-formano/" />
<meta property="og:locale" content="it_IT" />
<meta property="og:type" content="article" />
<meta property="og:title" content="I leader nascono o si formano? - MLNR" />
<meta property="og:description" content="Prima conferenza del programma “Leadership e diplomazia per la Romania” Il 17 aprile 2024, nell&#8217;Aula della Biblioteca Centrale Universitaria “Carol I” di Bucarest, si è tenuta la conferenza “Dalla comunicazione alla diplomazia: formare leader”, che ha riunito partecipanti provenienti dal mondo istituzionale, accademico e della società civile, proponendo un dibattito applicato sulle competenze di leadership&hellip; Continue reading I leader nascono o si formano?" />
<meta property="og:url" content="https://www.mlnr.ro/it/activitati_sociale/i-leader-nascono-o-si-formano/" />
<meta property="og:site_name" content="MLNR" />
<meta property="article:modified_time" content="2026-04-24T07:35:20+00:00" />
<meta property="og:image" content="https://www.mlnr.ro/wp-content/uploads/2026/01/WhatsApp-Image-2026-01-23-at-14.57.06.jpeg" />
	<meta property="og:image:width" content="2048" />
	<meta property="og:image:height" content="1365" />
	<meta property="og:image:type" content="image/jpeg" />
<meta name="twitter:card" content="summary_large_image" />
<meta name="twitter:label1" content="Tempo di lettura stimato" />
	<meta name="twitter:data1" content="1 minute" />
<script type="application/ld+json" class="yoast-schema-graph">{"@context":"https://schema.org","@graph":[{"@type":"WebPage","@id":"https://www.mlnr.ro/it/activitati_sociale/i-leader-nascono-o-si-formano/","url":"https://www.mlnr.ro/it/activitati_sociale/i-leader-nascono-o-si-formano/","name":"I leader nascono o si formano? - MLNR","isPartOf":{"@id":"https://www.mlnr.ro/it/#website"},"primaryImageOfPage":{"@id":"https://www.mlnr.ro/it/activitati_sociale/i-leader-nascono-o-si-formano/#primaryimage"},"image":{"@id":"https://www.mlnr.ro/it/activitati_sociale/i-leader-nascono-o-si-formano/#primaryimage"},"thumbnailUrl":"https://www.mlnr.ro/wp-content/uploads/2026/01/WhatsApp-Image-2026-01-23-at-14.57.06.jpeg","datePublished":"2026-02-27T15:07:14+00:00","dateModified":"2026-04-24T07:35:20+00:00","breadcrumb":{"@id":"https://www.mlnr.ro/it/activitati_sociale/i-leader-nascono-o-si-formano/#breadcrumb"},"inLanguage":"it-IT","potentialAction":[{"@type":"ReadAction","target":["https://www.mlnr.ro/it/activitati_sociale/i-leader-nascono-o-si-formano/"]}]},{"@type":"ImageObject","inLanguage":"it-IT","@id":"https://www.mlnr.ro/it/activitati_sociale/i-leader-nascono-o-si-formano/#primaryimage","url":"https://www.mlnr.ro/wp-content/uploads/2026/01/WhatsApp-Image-2026-01-23-at-14.57.06.jpeg","contentUrl":"https://www.mlnr.ro/wp-content/uploads/2026/01/WhatsApp-Image-2026-01-23-at-14.57.06.jpeg","width":2048,"height":1365},{"@type":"BreadcrumbList","@id":"https://www.mlnr.ro/it/activitati_sociale/i-leader-nascono-o-si-formano/#breadcrumb","itemListElement":[{"@type":"ListItem","position":1,"name":"Prima pagină","item":"https://www.mlnr.ro/it/acasa/"},{"@type":"ListItem","position":2,"name":"I leader nascono o si formano?"}]},{"@type":"WebSite","@id":"https://www.mlnr.ro/it/#website","url":"https://www.mlnr.ro/it/","name":"MLNR","description":"","publisher":{"@id":"https://www.mlnr.ro/it/#organization"},"potentialAction":[{"@type":"SearchAction","target":{"@type":"EntryPoint","urlTemplate":"https://www.mlnr.ro/it/?s={search_term_string}"},"query-input":{"@type":"PropertyValueSpecification","valueRequired":true,"valueName":"search_term_string"}}],"inLanguage":"it-IT"},{"@type":"Organization","@id":"https://www.mlnr.ro/it/#organization","name":"MLNR","url":"https://www.mlnr.ro/it/","logo":{"@type":"ImageObject","inLanguage":"it-IT","@id":"https://www.mlnr.ro/it/#/schema/logo/image/","url":"https://www.mlnr.ro/wp-content/uploads/2025/12/prj-edited.png","contentUrl":"https://www.mlnr.ro/wp-content/uploads/2025/12/prj-edited.png","width":300,"height":188,"caption":"MLNR"},"image":{"@id":"https://www.mlnr.ro/it/#/schema/logo/image/"}}]}</script>
<!-- / Yoast SEO plugin. -->

Prima conferenza del programma “Leadership e diplomazia per la Romania” Il 17 aprile 2024, nell&#8217;Aula della Biblioteca Centrale Universitaria “Carol I” di Bucarest, si è tenuta la conferenza “Dalla comunicazione alla diplomazia: formare leader”, che ha riunito partecipanti provenienti dal mondo istituzionale, accademico e della società civile, proponendo un dibattito applicato sulle competenze di leadership&hellip; Continue reading I leader nascono o si formano?

Prima pagină
