{"id":4183,"date":"2026-02-27T20:26:59","date_gmt":"2026-02-27T18:26:59","guid":{"rendered":"https:\/\/www.mlnr.ro\/gala-premiilor\/seconda-edizione-dei-premi-mlnr\/"},"modified":"2026-04-24T10:37:26","modified_gmt":"2026-04-24T07:37:26","slug":"seconda-edizione-dei-premi-mlnr","status":"publish","type":"gala_premiilor","link":"https:\/\/www.mlnr.ro\/it\/gala-premiilor\/seconda-edizione-dei-premi-mlnr\/","title":{"rendered":"Seconda edizione dei Premi della GLNR"},"content":{"rendered":"\n<p><strong>L&#8217;evento si \u00e8 tenuto all&#8217;Ateneo Romano ed \u00e8 stato organizzato in collaborazione con l&#8217;Accademia Romena e con il sostegno di 12 universit\u00e0 rumene.<\/strong><\/p>\n\n<h2 class=\"wp-block-heading\">I vincitori<\/h2>\n\n<p><strong>Il premio \u201cGrigore Moisil\u201d per le scienze esatte<\/strong> \u00e8 stato assegnato all&#8217;accademico Ioan Iovitz POPESCU per il lavoro \u201cLambda \u2013 Structura textelor\u201d (Lambda \u2013 La struttura dei testi) pubblicato nella collana \u201cStudies in Quantitative Linguistics\u201d 10-2011 RAM-Verlag, Ludenscheid, Germania.<\/p>\n\n<p><strong>Il premio \u201cHenri Coand\u0103\u201d per le scienze applicate<\/strong> \u00e8 stato assegnato al Prof. Univ. Dott. Ing. Boris PLAHTEANU, per il lavoro \u201cNicola Tesla \u2013 Il genio della luce e dell&#8217;energia, l&#8217;integrale delle invenzioni\u201d. <\/p>\n\n<p><strong>Il premio \u201cCarol Davila\u201d per la medicina<\/strong> \u00e8 stato assegnato al Prof. Lauren\u0163iu Mircea POPESCU, Accademico, per il suo lavoro \u201cRicerca scientifica fondamentale sui telociti\u201d. <\/p>\n\n<p>Il premio \u201cConstantin Br\u00e2ncu\u015fi\u201d per l&#8217;arte e la cultura \u00e8 stato assegnato al maestro Sorin ILFOVEANU per la mostra personale \u201cDisegni 2008-2011\u201d.<\/p>\n\n<p><strong>Il premio \u201cNicolae Titulescu\u201d per la diplomazia e le scienze politiche<\/strong> \u00e8 stato assegnato al signor Mihai BOTOROG per il progetto: Coordinamento dell&#8217;operazione di evacuazione in sicurezza dei civili rumeni dalla Libia, febbraio 2011.<\/p>\n\n<p><strong>Il premio \u201cEugeniu Carada\u201d per l&#8217;economia<\/strong> \u00e8 stato assegnato al dottor Cristian P\u0102UNESCU e allo storico Marian \u015eTEFAN per l&#8217;opera \u201cIl tesoro della Banca Nazionale Rumena a Mosca\u201d.<\/p>\n","protected":false},"excerpt":{"rendered":"<p>L&#8217;evento si \u00e8 tenuto all&#8217;Ateneo Romano ed \u00e8 stato organizzato in collaborazione con l&#8217;Accademia Romena e con il sostegno di 12 universit\u00e0 rumene. I vincitori Il premio \u201cGrigore Moisil\u201d per le scienze esatte \u00e8 stato assegnato all&#8217;accademico Ioan Iovitz POPESCU per il lavoro \u201cLambda \u2013 Structura textelor\u201d (Lambda \u2013 La struttura dei testi) pubblicato nella&hellip; <a class=\"more-link\" href=\"https:\/\/www.mlnr.ro\/it\/gala-premiilor\/seconda-edizione-dei-premi-mlnr\/\">Continue reading <span class=\"screen-reader-text\">Seconda edizione dei Premi della GLNR<\/span><\/a><\/p>\n","protected":false},"featured_media":2002,"template":"","class_list":["post-4183","gala_premiilor","type-gala_premiilor","status-publish","has-post-thumbnail","hentry","entry"],"acf":[],"yoast_head":"<!-- This site is optimized with the Yoast SEO plugin v27.0 - https:\/\/yoast.com\/product\/yoast-seo-wordpress\/ -->\n<title>Seconda edizione dei Premi della GLNR - MLNR<\/title>\n<meta name=\"robots\" content=\"index, follow, max-snippet:-1, max-image-preview:large, max-video-preview:-1\" \/>\n<link rel=\"canonical\" href=\"https:\/\/www.mlnr.ro\/it\/gala-premiilor\/seconda-edizione-dei-premi-mlnr\/\" \/>\n<meta property=\"og:locale\" content=\"it_IT\" \/>\n<meta property=\"og:type\" content=\"article\" \/>\n<meta property=\"og:title\" content=\"Seconda edizione dei Premi della GLNR - MLNR\" \/>\n<meta property=\"og:description\" content=\"L&#8217;evento si \u00e8 tenuto all&#8217;Ateneo Romano ed \u00e8 stato organizzato in collaborazione con l&#8217;Accademia Romena e con il sostegno di 12 universit\u00e0 rumene. I vincitori Il premio \u201cGrigore Moisil\u201d per le scienze esatte \u00e8 stato assegnato all&#8217;accademico Ioan Iovitz POPESCU per il lavoro \u201cLambda \u2013 Structura textelor\u201d (Lambda \u2013 La struttura dei testi) pubblicato nella&hellip; Continue reading Seconda edizione dei Premi della GLNR\" \/>\n<meta property=\"og:url\" content=\"https:\/\/www.mlnr.ro\/it\/gala-premiilor\/seconda-edizione-dei-premi-mlnr\/\" \/>\n<meta property=\"og:site_name\" content=\"MLNR\" \/>\n<meta property=\"article:modified_time\" content=\"2026-04-24T07:37:26+00:00\" \/>\n<meta property=\"og:image\" content=\"https:\/\/www.mlnr.ro\/wp-content\/uploads\/2024\/09\/ateneul.jpg\" \/>\n\t<meta property=\"og:image:width\" content=\"1920\" \/>\n\t<meta property=\"og:image:height\" content=\"1008\" \/>\n\t<meta property=\"og:image:type\" content=\"image\/jpeg\" \/>\n<meta name=\"twitter:card\" content=\"summary_large_image\" \/>\n<meta name=\"twitter:label1\" content=\"Tempo di lettura stimato\" \/>\n\t<meta name=\"twitter:data1\" content=\"1 minute\" \/>\n<script type=\"application\/ld+json\" class=\"yoast-schema-graph\">{\"@context\":\"https:\/\/schema.org\",\"@graph\":[{\"@type\":\"WebPage\",\"@id\":\"https:\/\/www.mlnr.ro\/it\/gala-premiilor\/seconda-edizione-dei-premi-mlnr\/\",\"url\":\"https:\/\/www.mlnr.ro\/it\/gala-premiilor\/seconda-edizione-dei-premi-mlnr\/\",\"name\":\"Seconda edizione dei Premi della GLNR - MLNR\",\"isPartOf\":{\"@id\":\"https:\/\/www.mlnr.ro\/it\/#website\"},\"primaryImageOfPage\":{\"@id\":\"https:\/\/www.mlnr.ro\/it\/gala-premiilor\/seconda-edizione-dei-premi-mlnr\/#primaryimage\"},\"image\":{\"@id\":\"https:\/\/www.mlnr.ro\/it\/gala-premiilor\/seconda-edizione-dei-premi-mlnr\/#primaryimage\"},\"thumbnailUrl\":\"https:\/\/www.mlnr.ro\/wp-content\/uploads\/2024\/09\/ateneul.jpg\",\"datePublished\":\"2026-02-27T18:26:59+00:00\",\"dateModified\":\"2026-04-24T07:37:26+00:00\",\"breadcrumb\":{\"@id\":\"https:\/\/www.mlnr.ro\/it\/gala-premiilor\/seconda-edizione-dei-premi-mlnr\/#breadcrumb\"},\"inLanguage\":\"it-IT\",\"potentialAction\":[{\"@type\":\"ReadAction\",\"target\":[\"https:\/\/www.mlnr.ro\/it\/gala-premiilor\/seconda-edizione-dei-premi-mlnr\/\"]}]},{\"@type\":\"ImageObject\",\"inLanguage\":\"it-IT\",\"@id\":\"https:\/\/www.mlnr.ro\/it\/gala-premiilor\/seconda-edizione-dei-premi-mlnr\/#primaryimage\",\"url\":\"https:\/\/www.mlnr.ro\/wp-content\/uploads\/2024\/09\/ateneul.jpg\",\"contentUrl\":\"https:\/\/www.mlnr.ro\/wp-content\/uploads\/2024\/09\/ateneul.jpg\",\"width\":1920,\"height\":1008},{\"@type\":\"BreadcrumbList\",\"@id\":\"https:\/\/www.mlnr.ro\/it\/gala-premiilor\/seconda-edizione-dei-premi-mlnr\/#breadcrumb\",\"itemListElement\":[{\"@type\":\"ListItem\",\"position\":1,\"name\":\"Prima pagin\u0103\",\"item\":\"https:\/\/www.mlnr.ro\/it\/acasa\/\"},{\"@type\":\"ListItem\",\"position\":2,\"name\":\"Seconda edizione dei Premi della GLNR\"}]},{\"@type\":\"WebSite\",\"@id\":\"https:\/\/www.mlnr.ro\/it\/#website\",\"url\":\"https:\/\/www.mlnr.ro\/it\/\",\"name\":\"MLNR\",\"description\":\"\",\"publisher\":{\"@id\":\"https:\/\/www.mlnr.ro\/it\/#organization\"},\"potentialAction\":[{\"@type\":\"SearchAction\",\"target\":{\"@type\":\"EntryPoint\",\"urlTemplate\":\"https:\/\/www.mlnr.ro\/it\/?s={search_term_string}\"},\"query-input\":{\"@type\":\"PropertyValueSpecification\",\"valueRequired\":true,\"valueName\":\"search_term_string\"}}],\"inLanguage\":\"it-IT\"},{\"@type\":\"Organization\",\"@id\":\"https:\/\/www.mlnr.ro\/it\/#organization\",\"name\":\"MLNR\",\"url\":\"https:\/\/www.mlnr.ro\/it\/\",\"logo\":{\"@type\":\"ImageObject\",\"inLanguage\":\"it-IT\",\"@id\":\"https:\/\/www.mlnr.ro\/it\/#\/schema\/logo\/image\/\",\"url\":\"https:\/\/www.mlnr.ro\/wp-content\/uploads\/2025\/12\/prj-edited.png\",\"contentUrl\":\"https:\/\/www.mlnr.ro\/wp-content\/uploads\/2025\/12\/prj-edited.png\",\"width\":300,\"height\":188,\"caption\":\"MLNR\"},\"image\":{\"@id\":\"https:\/\/www.mlnr.ro\/it\/#\/schema\/logo\/image\/\"}}]}<\/script>\n<!-- \/ Yoast SEO plugin. -->","yoast_head_json":{"title":"Seconda edizione dei Premi della GLNR - MLNR","robots":{"index":"index","follow":"follow","max-snippet":"max-snippet:-1","max-image-preview":"max-image-preview:large","max-video-preview":"max-video-preview:-1"},"canonical":"https:\/\/www.mlnr.ro\/it\/gala-premiilor\/seconda-edizione-dei-premi-mlnr\/","og_locale":"it_IT","og_type":"article","og_title":"Seconda edizione dei Premi della GLNR - MLNR","og_description":"L&#8217;evento si \u00e8 tenuto all&#8217;Ateneo Romano ed \u00e8 stato organizzato in collaborazione con l&#8217;Accademia Romena e con il sostegno di 12 universit\u00e0 rumene. I vincitori Il premio \u201cGrigore Moisil\u201d per le scienze esatte \u00e8 stato assegnato all&#8217;accademico Ioan Iovitz POPESCU per il lavoro \u201cLambda \u2013 Structura textelor\u201d (Lambda \u2013 La struttura dei testi) pubblicato nella&hellip; Continue reading Seconda edizione dei Premi della GLNR","og_url":"https:\/\/www.mlnr.ro\/it\/gala-premiilor\/seconda-edizione-dei-premi-mlnr\/","og_site_name":"MLNR","article_modified_time":"2026-04-24T07:37:26+00:00","og_image":[{"width":1920,"height":1008,"url":"https:\/\/www.mlnr.ro\/wp-content\/uploads\/2024\/09\/ateneul.jpg","type":"image\/jpeg"}],"twitter_card":"summary_large_image","twitter_misc":{"Tempo di lettura stimato":"1 minute"},"schema":{"@context":"https:\/\/schema.org","@graph":[{"@type":"WebPage","@id":"https:\/\/www.mlnr.ro\/it\/gala-premiilor\/seconda-edizione-dei-premi-mlnr\/","url":"https:\/\/www.mlnr.ro\/it\/gala-premiilor\/seconda-edizione-dei-premi-mlnr\/","name":"Seconda edizione dei Premi della GLNR - MLNR","isPartOf":{"@id":"https:\/\/www.mlnr.ro\/it\/#website"},"primaryImageOfPage":{"@id":"https:\/\/www.mlnr.ro\/it\/gala-premiilor\/seconda-edizione-dei-premi-mlnr\/#primaryimage"},"image":{"@id":"https:\/\/www.mlnr.ro\/it\/gala-premiilor\/seconda-edizione-dei-premi-mlnr\/#primaryimage"},"thumbnailUrl":"https:\/\/www.mlnr.ro\/wp-content\/uploads\/2024\/09\/ateneul.jpg","datePublished":"2026-02-27T18:26:59+00:00","dateModified":"2026-04-24T07:37:26+00:00","breadcrumb":{"@id":"https:\/\/www.mlnr.ro\/it\/gala-premiilor\/seconda-edizione-dei-premi-mlnr\/#breadcrumb"},"inLanguage":"it-IT","potentialAction":[{"@type":"ReadAction","target":["https:\/\/www.mlnr.ro\/it\/gala-premiilor\/seconda-edizione-dei-premi-mlnr\/"]}]},{"@type":"ImageObject","inLanguage":"it-IT","@id":"https:\/\/www.mlnr.ro\/it\/gala-premiilor\/seconda-edizione-dei-premi-mlnr\/#primaryimage","url":"https:\/\/www.mlnr.ro\/wp-content\/uploads\/2024\/09\/ateneul.jpg","contentUrl":"https:\/\/www.mlnr.ro\/wp-content\/uploads\/2024\/09\/ateneul.jpg","width":1920,"height":1008},{"@type":"BreadcrumbList","@id":"https:\/\/www.mlnr.ro\/it\/gala-premiilor\/seconda-edizione-dei-premi-mlnr\/#breadcrumb","itemListElement":[{"@type":"ListItem","position":1,"name":"Prima pagin\u0103","item":"https:\/\/www.mlnr.ro\/it\/acasa\/"},{"@type":"ListItem","position":2,"name":"Seconda edizione dei Premi della GLNR"}]},{"@type":"WebSite","@id":"https:\/\/www.mlnr.ro\/it\/#website","url":"https:\/\/www.mlnr.ro\/it\/","name":"MLNR","description":"","publisher":{"@id":"https:\/\/www.mlnr.ro\/it\/#organization"},"potentialAction":[{"@type":"SearchAction","target":{"@type":"EntryPoint","urlTemplate":"https:\/\/www.mlnr.ro\/it\/?s={search_term_string}"},"query-input":{"@type":"PropertyValueSpecification","valueRequired":true,"valueName":"search_term_string"}}],"inLanguage":"it-IT"},{"@type":"Organization","@id":"https:\/\/www.mlnr.ro\/it\/#organization","name":"MLNR","url":"https:\/\/www.mlnr.ro\/it\/","logo":{"@type":"ImageObject","inLanguage":"it-IT","@id":"https:\/\/www.mlnr.ro\/it\/#\/schema\/logo\/image\/","url":"https:\/\/www.mlnr.ro\/wp-content\/uploads\/2025\/12\/prj-edited.png","contentUrl":"https:\/\/www.mlnr.ro\/wp-content\/uploads\/2025\/12\/prj-edited.png","width":300,"height":188,"caption":"MLNR"},"image":{"@id":"https:\/\/www.mlnr.ro\/it\/#\/schema\/logo\/image\/"}}]}},"_links":{"self":[{"href":"https:\/\/www.mlnr.ro\/it\/wp-json\/wp\/v2\/gala_premiilor\/4183","targetHints":{"allow":["GET"]}}],"collection":[{"href":"https:\/\/www.mlnr.ro\/it\/wp-json\/wp\/v2\/gala_premiilor"}],"about":[{"href":"https:\/\/www.mlnr.ro\/it\/wp-json\/wp\/v2\/types\/gala_premiilor"}],"version-history":[{"count":5,"href":"https:\/\/www.mlnr.ro\/it\/wp-json\/wp\/v2\/gala_premiilor\/4183\/revisions"}],"predecessor-version":[{"id":5207,"href":"https:\/\/www.mlnr.ro\/it\/wp-json\/wp\/v2\/gala_premiilor\/4183\/revisions\/5207"}],"wp:featuredmedia":[{"embeddable":true,"href":"https:\/\/www.mlnr.ro\/it\/wp-json\/wp\/v2\/media\/2002"}],"wp:attachment":[{"href":"https:\/\/www.mlnr.ro\/it\/wp-json\/wp\/v2\/media?parent=4183"}],"curies":[{"name":"wp","href":"https:\/\/api.w.org\/{rel}","templated":true}]}}

<p><strong>L&#8217;evento si è tenuto all&#8217;Ateneo Romano ed è stato organizzato in collaborazione con l&#8217;Accademia Romena e con il sostegno di 12 università rumene.</strong></p>

<h2 class="wp-block-heading">I vincitori</h2>

<p><strong>Il premio “Grigore Moisil” per le scienze esatte</strong> è stato assegnato all&#8217;accademico Ioan Iovitz POPESCU per il lavoro “Lambda – Structura textelor” (Lambda – La struttura dei testi) pubblicato nella collana “Studies in Quantitative Linguistics” 10-2011 RAM-Verlag, Ludenscheid, Germania.</p>

<p><strong>Il premio “Henri Coandă” per le scienze applicate</strong> è stato assegnato al Prof. Univ. Dott. Ing. Boris PLAHTEANU, per il lavoro “Nicola Tesla – Il genio della luce e dell&#8217;energia, l&#8217;integrale delle invenzioni”. </p>

<p><strong>Il premio “Carol Davila” per la medicina</strong> è stato assegnato al Prof. Laurenţiu Mircea POPESCU, Accademico, per il suo lavoro “Ricerca scientifica fondamentale sui telociti”. </p>

<p>Il premio “Constantin Brâncuşi” per l&#8217;arte e la cultura è stato assegnato al maestro Sorin ILFOVEANU per la mostra personale “Disegni 2008-2011”.</p>

<p><strong>Il premio “Nicolae Titulescu” per la diplomazia e le scienze politiche</strong> è stato assegnato al signor Mihai BOTOROG per il progetto: Coordinamento dell&#8217;operazione di evacuazione in sicurezza dei civili rumeni dalla Libia, febbraio 2011.</p>

<p><strong>Il premio “Eugeniu Carada” per l&#8217;economia</strong> è stato assegnato al dottor Cristian PĂUNESCU e allo storico Marian ŞTEFAN per l&#8217;opera “Il tesoro della Banca Nazionale Rumena a Mosca”.</p>

<p>L&#8217;evento si è tenuto all&#8217;Ateneo Romano ed è stato organizzato in collaborazione con l&#8217;Accademia Romena e con il sostegno di 12 università rumene. I vincitori Il premio “Grigore Moisil” per le scienze esatte è stato assegnato all&#8217;accademico Ioan Iovitz POPESCU per il lavoro “Lambda – Structura textelor” (Lambda – La struttura dei testi) pubblicato nella&hellip; <a class="more-link" href="https://www.mlnr.ro/it/gala-premiilor/seconda-edizione-dei-premi-mlnr/">Continue reading <span class="screen-reader-text">Seconda edizione dei Premi della GLNR</span></a></p>

<!-- This site is optimized with the Yoast SEO plugin v27.0 - https://yoast.com/product/yoast-seo-wordpress/ -->
<title>Seconda edizione dei Premi della GLNR - MLNR</title>
<meta name="robots" content="index, follow, max-snippet:-1, max-image-preview:large, max-video-preview:-1" />
<link rel="canonical" href="https://www.mlnr.ro/it/gala-premiilor/seconda-edizione-dei-premi-mlnr/" />
<meta property="og:locale" content="it_IT" />
<meta property="og:type" content="article" />
<meta property="og:title" content="Seconda edizione dei Premi della GLNR - MLNR" />
<meta property="og:description" content="L&#8217;evento si è tenuto all&#8217;Ateneo Romano ed è stato organizzato in collaborazione con l&#8217;Accademia Romena e con il sostegno di 12 università rumene. I vincitori Il premio “Grigore Moisil” per le scienze esatte è stato assegnato all&#8217;accademico Ioan Iovitz POPESCU per il lavoro “Lambda – Structura textelor” (Lambda – La struttura dei testi) pubblicato nella&hellip; Continue reading Seconda edizione dei Premi della GLNR" />
<meta property="og:url" content="https://www.mlnr.ro/it/gala-premiilor/seconda-edizione-dei-premi-mlnr/" />
<meta property="og:site_name" content="MLNR" />
<meta property="article:modified_time" content="2026-04-24T07:37:26+00:00" />
<meta property="og:image" content="https://www.mlnr.ro/wp-content/uploads/2024/09/ateneul.jpg" />
	<meta property="og:image:width" content="1920" />
	<meta property="og:image:height" content="1008" />
	<meta property="og:image:type" content="image/jpeg" />
<meta name="twitter:card" content="summary_large_image" />
<meta name="twitter:label1" content="Tempo di lettura stimato" />
	<meta name="twitter:data1" content="1 minute" />
<script type="application/ld+json" class="yoast-schema-graph">{"@context":"https://schema.org","@graph":[{"@type":"WebPage","@id":"https://www.mlnr.ro/it/gala-premiilor/seconda-edizione-dei-premi-mlnr/","url":"https://www.mlnr.ro/it/gala-premiilor/seconda-edizione-dei-premi-mlnr/","name":"Seconda edizione dei Premi della GLNR - MLNR","isPartOf":{"@id":"https://www.mlnr.ro/it/#website"},"primaryImageOfPage":{"@id":"https://www.mlnr.ro/it/gala-premiilor/seconda-edizione-dei-premi-mlnr/#primaryimage"},"image":{"@id":"https://www.mlnr.ro/it/gala-premiilor/seconda-edizione-dei-premi-mlnr/#primaryimage"},"thumbnailUrl":"https://www.mlnr.ro/wp-content/uploads/2024/09/ateneul.jpg","datePublished":"2026-02-27T18:26:59+00:00","dateModified":"2026-04-24T07:37:26+00:00","breadcrumb":{"@id":"https://www.mlnr.ro/it/gala-premiilor/seconda-edizione-dei-premi-mlnr/#breadcrumb"},"inLanguage":"it-IT","potentialAction":[{"@type":"ReadAction","target":["https://www.mlnr.ro/it/gala-premiilor/seconda-edizione-dei-premi-mlnr/"]}]},{"@type":"ImageObject","inLanguage":"it-IT","@id":"https://www.mlnr.ro/it/gala-premiilor/seconda-edizione-dei-premi-mlnr/#primaryimage","url":"https://www.mlnr.ro/wp-content/uploads/2024/09/ateneul.jpg","contentUrl":"https://www.mlnr.ro/wp-content/uploads/2024/09/ateneul.jpg","width":1920,"height":1008},{"@type":"BreadcrumbList","@id":"https://www.mlnr.ro/it/gala-premiilor/seconda-edizione-dei-premi-mlnr/#breadcrumb","itemListElement":[{"@type":"ListItem","position":1,"name":"Prima pagină","item":"https://www.mlnr.ro/it/acasa/"},{"@type":"ListItem","position":2,"name":"Seconda edizione dei Premi della GLNR"}]},{"@type":"WebSite","@id":"https://www.mlnr.ro/it/#website","url":"https://www.mlnr.ro/it/","name":"MLNR","description":"","publisher":{"@id":"https://www.mlnr.ro/it/#organization"},"potentialAction":[{"@type":"SearchAction","target":{"@type":"EntryPoint","urlTemplate":"https://www.mlnr.ro/it/?s={search_term_string}"},"query-input":{"@type":"PropertyValueSpecification","valueRequired":true,"valueName":"search_term_string"}}],"inLanguage":"it-IT"},{"@type":"Organization","@id":"https://www.mlnr.ro/it/#organization","name":"MLNR","url":"https://www.mlnr.ro/it/","logo":{"@type":"ImageObject","inLanguage":"it-IT","@id":"https://www.mlnr.ro/it/#/schema/logo/image/","url":"https://www.mlnr.ro/wp-content/uploads/2025/12/prj-edited.png","contentUrl":"https://www.mlnr.ro/wp-content/uploads/2025/12/prj-edited.png","width":300,"height":188,"caption":"MLNR"},"image":{"@id":"https://www.mlnr.ro/it/#/schema/logo/image/"}}]}</script>
<!-- / Yoast SEO plugin. -->

L&#8217;evento si è tenuto all&#8217;Ateneo Romano ed è stato organizzato in collaborazione con l&#8217;Accademia Romena e con il sostegno di 12 università rumene. I vincitori Il premio “Grigore Moisil” per le scienze esatte è stato assegnato all&#8217;accademico Ioan Iovitz POPESCU per il lavoro “Lambda – Structura textelor” (Lambda – La struttura dei testi) pubblicato nella&hellip; Continue reading Seconda edizione dei Premi della GLNR

Prima pagină
